{"id":7,"date":"2019-08-28T10:36:35","date_gmt":"2019-08-28T08:36:35","guid":{"rendered":"http:\/\/forskningskommunikation.net\/?page_id=7"},"modified":"2020-03-12T13:58:39","modified_gmt":"2020-03-12T11:58:39","slug":"om-bogen","status":"publish","type":"page","link":"https:\/\/forskningskommunikation.net\/?page_id=7","title":{"rendered":"Om bogen"},"content":{"rendered":"<p>[et_pb_section fb_built=&#8221;1&#8243; fullwidth=&#8221;on&#8221; disabled_on=&#8221;off|off|off&#8221; admin_label=&#8221;Hero&#8221; _builder_version=&#8221;3.22&#8243; background_color=&#8221;#1f1f1f&#8221; parallax=&#8221;on&#8221; custom_padding=&#8221;|||&#8221; transparent_background=&#8221;on&#8221;][et_pb_fullwidth_header title=&#8221;FORSKNINGSKOMMUNIKATION&#8221; text_orientation=&#8221;center&#8221; background_overlay_color=&#8221;rgba(31,31,31,0.85)&#8221; subhead_font_color=&#8221;#bebebe&#8221; _builder_version=&#8221;4.0.7&#8243; title_font=&#8221;Allerta||||||||&#8221; title_text_color=&#8221;#ffffff&#8221; title_font_size=&#8221;60px&#8221; title_line_height=&#8221;1.3em&#8221; content_font=&#8221;Montserrat||||&#8221; content_text_color=&#8221;#bfbfbf&#8221; content_line_height=&#8221;1.8em&#8221; subhead_font=&#8221;Montserrat||||&#8221; subhead_text_color=&#8221;#bebebe&#8221; subhead_line_height=&#8221;1.8em&#8221; background_color=&#8221;rgba(255, 255, 255, 0)&#8221; background_image=&#8221;http:\/\/forskningskommunikation.net\/wp-content\/uploads\/2019\/11\/bloom-blooming-blossom-blur-459158-scaled.jpg&#8221; parallax=&#8221;on&#8221; parallax_method=&#8221;on&#8221; custom_padding=&#8221;5%||5%|&#8221; animation_style=&#8221;zoom&#8221; animation_duration=&#8221;1500ms&#8221; animation_intensity_zoom=&#8221;4%&#8221; title_line_height_last_edited=&#8221;off|desktop&#8221; button_one_text_size__hover_enabled=&#8221;off&#8221; button_two_text_size__hover_enabled=&#8221;off&#8221; button_one_text_color__hover_enabled=&#8221;off&#8221; button_two_text_color__hover_enabled=&#8221;off&#8221; button_one_border_width__hover_enabled=&#8221;off&#8221; button_two_border_width__hover_enabled=&#8221;off&#8221; button_one_border_color__hover_enabled=&#8221;off&#8221; button_two_border_color__hover_enabled=&#8221;off&#8221; button_one_border_radius__hover_enabled=&#8221;off&#8221; button_two_border_radius__hover_enabled=&#8221;off&#8221; button_one_letter_spacing__hover_enabled=&#8221;off&#8221; button_two_letter_spacing__hover_enabled=&#8221;off&#8221; button_one_bg_color__hover_enabled=&#8221;off&#8221; button_two_bg_color__hover_enabled=&#8221;off&#8221;]<\/p>\n<p>&nbsp;<\/p>\n<p>F\u00e5 succes med din forskningskommunikation<\/p>\n<p>&nbsp;<\/p>\n<p>[\/et_pb_fullwidth_header][\/et_pb_section][et_pb_section fb_built=&#8221;1&#8243; admin_label=&#8221;Our Story&#8221; _builder_version=&#8221;4.3.4&#8243; background_color=&#8221;#ffffff&#8221; background_position=&#8221;top_left&#8221; custom_padding=&#8221;20px|0px|20px|0px|true|false&#8221; collapsed=&#8221;off&#8221;][et_pb_row column_structure=&#8221;1_2,1_2&#8243; _builder_version=&#8221;4.3.4&#8243; background_size=&#8221;initial&#8221; background_position=&#8221;top_left&#8221; background_repeat=&#8221;repeat&#8221; min_height=&#8221;900px&#8221; custom_margin=&#8221;|auto|-12px|auto|false|false&#8221; custom_margin_tablet=&#8221;&#8221; custom_margin_phone=&#8221;&#8221; custom_margin_last_edited=&#8221;on|desktop&#8221; custom_padding=&#8221;|||&#8221;][et_pb_column type=&#8221;1_2&#8243; _builder_version=&#8221;3.25&#8243; background_position=&#8221;top_left&#8221; custom_padding=&#8221;|||&#8221; custom_padding__hover=&#8221;|||&#8221;][et_pb_image src=&#8221;http:\/\/forskningskommunikation.net\/wp-content\/uploads\/2019\/11\/forskningskommunikation_3D-bog.png&#8221; _builder_version=&#8221;3.27.3&#8243; animation_style=&#8221;slide&#8221; animation_direction=&#8221;right&#8221; animation_intensity_slide=&#8221;10%&#8221; always_center_on_mobile=&#8221;off&#8221;][\/et_pb_image][et_pb_button button_url=&#8221;https:\/\/www.academicbooks.dk\/da\/content\/forskningskommunikation&#8221; url_new_window=&#8221;on&#8221; button_text=&#8221;K\u00f8b bogen&#8221; button_alignment=&#8221;center&#8221; _builder_version=&#8221;4.3.4&#8243; custom_button=&#8221;on&#8221; button_text_size=&#8221;16px&#8221; button_text_color=&#8221;#939393&#8243;][\/et_pb_button][\/et_pb_column][et_pb_column type=&#8221;1_2&#8243; _builder_version=&#8221;3.25&#8243; background_position=&#8221;top_left&#8221; custom_padding=&#8221;60px|||&#8221; custom_padding__hover=&#8221;|||&#8221;][et_pb_text _builder_version=&#8221;4.3.4&#8243; text_font=&#8221;Montserrat||||&#8221; text_text_color=&#8221;#939393&#8243; text_line_height=&#8221;1.8em&#8221; header_font=&#8221;||||&#8221; background_size=&#8221;initial&#8221; background_position=&#8221;top_left&#8221; background_repeat=&#8221;repeat&#8221; max_width=&#8221;700px&#8221; min_height=&#8221;936px&#8221; custom_margin=&#8221;||||false|false&#8221; custom_padding=&#8221;||0px|||&#8221; animation_style=&#8221;slide&#8221; animation_direction=&#8221;top&#8221; animation_intensity_slide=&#8221;4%&#8221; hover_enabled=&#8221;0&#8243;]<\/p>\n<h4><strong>En praktisk h\u00e5ndbog<\/strong><\/h4>\n<p>Forskningskommunikation er en praktisk h\u00e5ndbog, som er relevant for enhver ekspert og forsker, der gerne vil kommunikere med offentligheden om sin viden \u2013 uanset emne og faglighed.<\/p>\n<p>Bogen indeholder konkrete anbefalinger og praktiske v\u00e6rkt\u00f8jer, som kan hj\u00e6lpe dig i dine bestr\u00e6belser p\u00e5 at kommunikere effektivt om din viden til den brede offentlighed og mere afgr\u00e6nsede m\u00e5lgrupper \u2013 fx via dit samarbejde med journalister og din brug af sociale medier.<\/p>\n<p>I en kompleks verden, hvor forskningsbaseret viden bliver vigtigere og vigtigere, samtidig med at mange taler om et postfaktuelt samfund, m\u00e5 du som ekspert og forsker st\u00e5 fast p\u00e5, at du har en solid og kvalitetssikret viden \u2013 og at den viden er vigtig for det omkringliggende samfund og for kvalificeringen af den offentlige debat.<\/p>\n<p>Forfattersamarbejdet mellem den erfarne kommunikationsforsker og den erfarne kommunikationsdirekt\u00f8r betyder, at bogens teoretiske udgangspunkt er solidt, at de kommunikationsm\u00e6ssige anbefalinger er substantielle og velafpr\u00f8vede, og at bogens indhold er n\u00f8je afpasset til den specielle rolle, du befinder dig i som forsker og som fagperson.<\/p>\n<p>[\/et_pb_text][\/et_pb_column][\/et_pb_row][et_pb_row column_structure=&#8221;1_5,3_5,1_5&#8243; _builder_version=&#8221;4.3.4&#8243;][et_pb_column type=&#8221;1_5&#8243; _builder_version=&#8221;4.3.4&#8243;][\/et_pb_column][et_pb_column type=&#8221;3_5&#8243; _builder_version=&#8221;4.3.4&#8243;][et_pb_image src=&#8221;http:\/\/forskningskommunikation.net\/wp-content\/uploads\/2020\/03\/Indholdfortegnelse.png&#8221; _builder_version=&#8221;4.3.4&#8243;][\/et_pb_image][\/et_pb_column][et_pb_column type=&#8221;1_5&#8243; _builder_version=&#8221;4.3.4&#8243;][\/et_pb_column][\/et_pb_row][\/et_pb_section][et_pb_section fb_built=&#8221;1&#8243; _builder_version=&#8221;4.3.4&#8243; background_color=&#8221;#ffffff&#8221;][et_pb_row column_structure=&#8221;1_2,1_2&#8243; _builder_version=&#8221;4.3.4&#8243;][et_pb_column type=&#8221;1_2&#8243; _builder_version=&#8221;4.3.4&#8243;][et_pb_image src=&#8221;http:\/\/forskningskommunikation.net\/wp-content\/uploads\/2020\/02\/Citat31.png&#8221; _builder_version=&#8221;4.3.4&#8243;][\/et_pb_image][\/et_pb_column][et_pb_column type=&#8221;1_2&#8243; _builder_version=&#8221;4.3.4&#8243;][et_pb_image src=&#8221;http:\/\/forskningskommunikation.net\/wp-content\/uploads\/2020\/02\/Citat4.png&#8221; _builder_version=&#8221;4.3.4&#8243;][\/et_pb_image][\/et_pb_column][\/et_pb_row][\/et_pb_section]<\/p>\n","protected":false},"excerpt":{"rendered":"<p>&nbsp; F\u00e5 succes med din forskningskommunikation &nbsp;En praktisk h\u00e5ndbog Forskningskommunikation er en praktisk h\u00e5ndbog, som er relevant for enhver ekspert og forsker, der gerne vil kommunikere med offentligheden om sin viden \u2013 uanset emne og faglighed. Bogen indeholder konkrete anbefalinger og praktiske v\u00e6rkt\u00f8jer, som kan hj\u00e6lpe dig i dine bestr\u00e6belser p\u00e5 at kommunikere effektivt om [&hellip;]<\/p>\n","protected":false},"author":7,"featured_media":0,"parent":0,"menu_order":0,"comment_status":"closed","ping_status":"closed","template":"","meta":{"_et_pb_use_builder":"on","_et_pb_old_content":"","_et_gb_content_width":"","footnotes":""},"class_list":["post-7","page","type-page","status-publish","hentry"],"_links":{"self":[{"href":"https:\/\/forskningskommunikation.net\/index.php?rest_route=\/wp\/v2\/pages\/7","targetHints":{"allow":["GET"]}}],"collection":[{"href":"https:\/\/forskningskommunikation.net\/index.php?rest_route=\/wp\/v2\/pages"}],"about":[{"href":"https:\/\/forskningskommunikation.net\/index.php?rest_route=\/wp\/v2\/types\/page"}],"author":[{"embeddable":true,"href":"https:\/\/forskningskommunikation.net\/index.php?rest_route=\/wp\/v2\/users\/7"}],"replies":[{"embeddable":true,"href":"https:\/\/forskningskommunikation.net\/index.php?rest_route=%2Fwp%2Fv2%2Fcomments&post=7"}],"version-history":[{"count":5,"href":"https:\/\/forskningskommunikation.net\/index.php?rest_route=\/wp\/v2\/pages\/7\/revisions"}],"predecessor-version":[{"id":639,"href":"https:\/\/forskningskommunikation.net\/index.php?rest_route=\/wp\/v2\/pages\/7\/revisions\/639"}],"wp:attachment":[{"href":"https:\/\/forskningskommunikation.net\/index.php?rest_route=%2Fwp%2Fv2%2Fmedia&parent=7"}],"curies":[{"name":"wp","href":"https:\/\/api.w.org\/{rel}","templated":true}]}}